h**4/12 + 5*h**3/3 + 5*h**2 + 83*h + 2. Determine s(-9).
1
Let r(u) be the third derivative of u**6/120 + u**5/12 - u**4/12 + u**3/6 + 14*u**2 - 2. Determine r(-4).
25
Let v(q) = -7*q + 5 + 8*q**2 + 2 + 11*q**2 - 18*q**2 - 4. Suppose -3*j - 15 = -6*j. Calculate v(j).
-7
Let h(y) = -y**3 - 7*y**2 - 9*y - 7. Let k be (3 + -1)/((-5)/15). Let z be h(k). Let t(s) = -z*s**2 - 1 + 3*s - s + 10*s**2. Give t(2).
-1
Let c = -21 - -20. Let w be c - 2 - 10*-1. Let b(l) = -l**3 + 7*l**2 + l - 8. Calculate b(w).
-1
Let q(l) = -10*l + 52. Let o(r) = 9*r - 45. Let k(w) = 6*o(w) + 5*q(w). Calculate k(5).
10
Let a(b) = -b + 6. Let t(v) = 2. Let f(q) = 2*a(q) - 7*t(q). Determine f(4).
-10
Suppose -5*d - 21 + 66 = 0. Let o(l) = 2*l + 0 + 7 - 8 - d*l. Give o(-2).
13
Let w(r) = 11*r + 6. Let j(c) = 28*c + 11. Let m(d) = -2*j(d) + 5*w(d). Calculate m(9).
-1
Let h(v) = v**2 + 10*v + 9. Let a be h(-9). Suppose p + 3 = a, -5*p = -m - 2*m - 66. Let i = m - -32. Let t(u) = -u**3 + 4*u**2 + 7*u - 7. Calculate t(i).
3
Let f(c) = -5*c + 1 + 7*c - 84*c**3 + 86*c**3 - 4*c**2. Determine f(2).
5
Let n(f) = 11*f - 59. Let u be n(5). Let o(k) = -k - 11. Determine o(u).
-7
Let g(y) = 6*y + 32. Let v be g(-5). Let u(l) = -15*l**2 + 1 - 4 - 2*l + 11*l**2 + 6*l**v. Let c be 1/((-5)/2)*5. Give u(c).
9
Let w(l) = -l**3 + 6*l**2 - l + 4. Let b = -7 + 9. Suppose -i = 5*t - 27, -6 = -0*i + b*i. Let c be w(t). Let y(s) = 3*s + 3. What is y(c)?
-3
Let s = 2295 - 2292. Let f(t) = -3*t**2 + 6*t + 4. Give f(s).
-5
Let r(g) be the third derivative of -g**7/5040 - g**6/240 - 4*g**5/15 + g**3/3 - 23*g**2 + 2. Let z(q) be the third derivative of r(q). Give z(3).
-6
Let n(r) = 2*r**2 - 4*r - r**3 + 6 + 6*r - 8*r**2 - 2. Let s be 34/(-6) - (-4)/(-12). Calculate n(s).
-8
Let o(a) = a**2 - 13*a + 9. Suppose 39*v - 581 + 74 = 0. Give o(v).
9
Suppose 2*o = -0 - 8. Let b be -1*(-8)/o + -2. Let t(r) = -2*r. What is t(b)?
8
Let q(o) = -o**2 + o**3 - 11 - 6 - o + 16. Let b(p) be the third derivative of -p**5/60 - p**4/6 + 5*p**2. Let m be b(-4). Calculate q(m).
-1
Suppose -3*w + 17 = -1. Suppose 10 = -y + w. Let h(l) = -l**3 - 5*l**2 - 5*l - 1. Calculate h(y).
3
Let x(g) = g**3 - 4*g**2 - 2*g - 6. Suppose -250 = -5*u + 5*l, 5*u + 5*l + 146 = 8*u. Let n = -47 + u. Determine x(n).
9
Let b(n) = -11*n + 3. Let v(x) = -10*x + 1. Let z(l) = 5*b(l) - 6*v(l). Calculate z(-7).
-26
Let y(b) be the third derivative of b**4/8 - 9*b**3 + 4*b**2 - 136*b. Calculate y(20).
6
Let v(l) = 4*l + 21. Let m be ((-228)/(-190))/(1/(-5)). Give v(m).
-3
Let w = 1 - 0. Let i = w - -4. Let h(l) be the first derivative of l**3/3 - 7*l**2/2 + 6*l - 5. What is h(i)?
-4
Let o(u) = -4*u + 3. Let a(r) = 8*r - 6. Let k(y) = 3*a(y) + 7*o(y). Let f = -55 + 57. Calculate k(f).
-5
Let l(k) = k**2 - 9*k - 2. Let r(g) = -20*g + 5. Let d be r(3). Let z = d + 64. Determine l(z).
-2
Let o = 2615 - 2617. Let y(s) = 4*s**3 + s**2 + 2*s + 2. What is y(o)?
-30
Let g(h) = -4*h + 4*h**2 + 3*h**2 + 0*h + 8 + 0. Let b(f) = 6*f**2 - 3*f + 7. Let y(o) = 6*b(o) - 5*g(o). Let u be (-28)/6 - ((-80)/(-24))/(-5). Determine y(u).
10
Suppose 4*v + 2 = -u, -2*u + 4*v - 1 = 3. Suppose 8 = 2*k + 2*r, -2*r - 2*r + 4 = 0. Let g(b) = 8 - 1 + b - k. What is g(u)?
2
Let i(p) = p**3 - 4*p**2 - 2*p + 2. Suppose 5*l - 112 = 4*x, -7*l - x = -2*l - 122. Suppose 2*t = 4*t + l. Let f be 6/(t/(-32)*4). Determine i(f).
-6
Let k = 14 + -8. Let n(c) be the second derivative of -c**7/2520 + c**6/180 + c**5/20 + c**4/4 - 3*c. Let w(r) be the third derivative of n(r). Give w(k).
-6
Let f(l) = l**2 + 7*l + 9. Let n be f(-6). Suppose -a + 4 = n*x - 1, 4*x - a = 9. Let z(u) = 7 + 2*u**x - 4*u**2 - 2*u**2 + 3*u**2 - 5*u. Give z(-5).
7
Let h(y) be the third derivative of y**4/24 - 2*y**3/3 - 47*y**2. Determine h(-4).
-8
Let k(v) = -6 + 5*v**2 + 3*v - v**3 + 4 - 2*v. Let l(f) = 44*f - 7739. Let o be l(176). What is k(o)?
3
Let o(z) = -27*z**3 + 2*z**2 - z. Let u be ((-19)/(-57))/(2/6). What is o(u)?
-26
Let k(r) be the second derivative of 1/3*r**3 - 26*r - 7/2*r**2 + 0. Give k(6).
5
Suppose k + 25 = 6*k. Let d(l) = -l**2 + 5*l. Let b be d(k). Suppose h + 0*h + 5 = b. Let x(j) = -j**3 - 5*j**2 + j. Give x(h).
-5
Let y be (-28)/(-7) - (1 - -1). Let v(m) = -2 - 6*m**2 - 6*m**2 + 13*m**y - 9*m + 0*m. Determine v(7).
-16
Suppose 0 = b + b - 3*y - 2, 5*y = -5*b - 20. Let m be (-2)/(-8) + (-81)/(-12). Let l(r) = -2*r + 1 + m*r - 4*r**2 - 6*r. Give l(b).
-13
Suppose 0 = 3*z + 4 + 2. Let w be (-12)/z - 0/2. Let p(q) be the second derivative of -q**4/12 + 5*q**3/6 - 5*q**2/2 - 25*q. Determine p(w).
-11
Let v be (-4)/(-8)*-4 - -1. Let h be v*(-4)/(-8)*-8. Suppose -h*y = j - 11, -2*y + 2 = j - 3. Let o(i) = i**2 - 4*i - 3. Calculate o(y).
-6
Let f(v) be the third derivative of v**7/280 + v**6/360 - 5*v**3/6 + 26*v**2. Let l(p) be the first derivative of f(p). Let s = -1 - 0. What is l(s)?
-2
Let u(t) = 7*t**2 + 9*t. Let i(w) = -4*w**2 - 5*w. Let z be ((-12)/(-20))/((-2)/10). Let r(j) = z*u(j) - 5*i(j). Calculate r(2).
-8
Let u(x) = -x**3 + 27*x**2 + x - 33. Let t be u(27). Let i(b) = -b**3 - 7*b**2 - 7*b - 4. Calculate i(t).
2
Let k(j) = -3*j**3 - 2 - 3*j**2 + 1 + 2*j**3. Suppose -4*b + 16 = -4*g, -b - 2*g = -2*b + 3. Let x = 2 - b. Give k(x).
-1
Let v(a) be the third derivative of -a**5/60 - 7*a**4/24 - 13*a**3/6 - 28*a**2 - 2*a. Give v(-6).
-7
Let x(l) = -4*l**2 + 2. Let g be x(-2). Let j = g - -12. Let m(t) be the first derivative of -t**4/4 - t**2/2 - 2*t - 5. Give m(j).
8
Let v(q) = q**3 - 15*q**2 - 14*q - 5. Let m be v(16). Let t = 23 - m. Let k(x) = -x - 3. Calculate k(t).
1
Let a(m) = -2*m - 6. Suppose -34 - 2 = 12*z. What is a(z)?
0
Suppose f - 5*f - 1 = 5*v, -2*f - 2 = 2*v. Let m(s) = s**2 - 8*s - 7. Let x = 49 + -48. Let q(b) = b**2 - b - 1. Let p(k) = x*m(k) - 2*q(k). What is p(f)?
3
Let t(h) = h + 1. Let w be 45/1 - 10/10. Let g(r) = 10*r + 12. Let l(u) = w*t(u) - 4*g(u). Calculate l(5).
16
Let x(s) = -s - 7. Suppose -4*m = 4*y - 12 - 28, -2*m - 10 = -4*y. Suppose -y*u = 25 - 0. Give x(u).
-2
Let n(o) = o - 1. Let v be 12*(20/3 - 6). Determine n(v).
7
Let h(g) = -2*g**3 - 8*g**2 + 14*g. Let x be h(-6). Let c = x - 63. Let u(y) = -y**3 - 5*y**2 + 4. What is u(c)?
-14
Suppose -o - 3 = -7. Let w(v) = 4*v**2 - 8*v + 6*v**2 + 3*v**2 - 14*v**2 + o. Calculate w(-8).
4
Let l(c) = 24 + 45*c + 62*c**2 - 45*c**2 - 42*c**2 + c**3. Determine l(23).
1
Let p(z) = 15*z - 3*z**2 + 6*z - 3 + 4*z - 30*z. Determine p(-2).
-5
Suppose v - 3*y + 3 - 17 = 0, 0 = -2*v + 5*y + 24. Suppose v*o + 9 = 5*o. Let q(l) = l + 4 + 12*l**o + 5*l**2 - 7*l**3 - 6*l**3. Give q(5).
9
Suppose -b + 30 = 9*b. Let r(o) = -2*o - 12*o**b + 2*o**2 - 14*o**3 + 1 + 19*o**3. What is r(1)?
-6
Let z(g) = g + 2. Suppose 23 = w + 11. Let l = 12 - w. Give z(l).
2
Let f be ((-18)/(-3))/(-2) + 224. Let a(z) = 3*z**2 + 221 - f - z**3. Calculate a(3).
0
Suppose 0 = 36*q - 30*q + 36. Let u(n) = n + 2 - n**2 - 2*n - 5*n. Calculate u(q).
2
Suppose 0 = -u - 2*u + 9. Suppose u*j + 12 = -3. Let o(f) = 3 - 10 - f**3 + 4 - 4*f**2 + 6*f. What is o(j)?
-8
Let m(k) = -k**3 + 8*k**2 - 10*k + 8. Let f(x) = -x**3 + 19*x**2 + 64*x + 50. Let l be f(22). Give m(l).
20
Let v(a) be the first derivative of -a**6/360 - a**5/120 + 11*a**3/3 - 3. Let i(q) be the third derivative of v(q). Calculate i(0).
0
Suppose -i - 2 = x, 2*x + 19 = -2*i - 3*x. Let c(q) be the first derivative of 52 - 2/3*q**3 - 3/2*q**2 + 1/4*q**4 + 0*q. Determine c(i).
0
Let s(h) = -h**2 - 6*h + 3. Let i(b) = -9*b. Let n be i(-2). Let w = n + -17. Suppose -w = l, -5*a - 8 - 19 = -3*l. Give s(a).
3
Let t(l) = 8*l - 7. Let x be t(4). Suppose 27*o - 4 = x*o. Let z(n) = -3*n**2 + 3*n - 1. Determine z(o).
-7
Let l be 36/(0 + 9) - (-12)/4. Let t(p) = -p**3 + 6*p**2 - 3*p + 9. Give t(l).
-61
Let u(h) = 6*h - 12. Let p(z) = -3*z + 12. Let x(g) = 5*p(g) + 2*u(g). Calculate x(10).
6
Let k(s) = -s - 3 + 2 + 3 + 2*s. Suppose 0 = -2*n + 15 - 27. Give k(n).
-4
Let f(u) = 3*u + 1. Suppose -2*b + 3*o = -17, 3 = -4*o + o. Let n(s) be the first derivative of -s**3/3 + 3*s**2 + 4*s - 43. Let x be n(b). What is f(x)?
-8
Let i(s) = -24*s**2 + 25*s + 6. Let j(b) = 23*b**2 - 20*b - 5. Let p(v) = -4*i(v) - 5*j(v). Determine p(1).
-18
Let v(i) be the second derivative of -i**6/240 + i**5/20 + 13*i**4/12 + 2*i. Let d(z) b